e greatest common factor of 30 and w.
5
Let d(g) = g**2 + 6*g. Let b be d(-6). Let m(a) = -a**2 + a + 66. Let i be m(b). Calculate the highest common factor of 6 and i.
6
Let d = -1 + 3. Suppose 3*v + d*m - 23 = 5, 2*m = -5*v + 40. Suppose q - v = -0. Calculate the greatest common divisor of 42 and q.
6
Suppose -2*u = 2 - 4. Let t(x) = 5*x**2 + 8*x - 4*x**2 + 11 + u + 0*x. Let p be t(-11). Calculate the highest common factor of 5 and p.
5
Let i(a) = 14*a - 8. Let f be i(7). Suppose 0 = 3*q + p - 27, -q + 4*p - 38 = -6*q. Calculate the greatest common factor of q and f.
10
Let d = 2 - -5. Suppose -2*t + d = -17. What is the highest common divisor of 132 and t?
12
Let m be 7/14 + (-1)/2. Let r(v) = v**2 - v + 28. Let b be r(m). What is the greatest common factor of 7 and b?
7
Let f be 1*(-9)/(0 - -3). Let s be 4 + 1 + 1*f. Suppose 3*z = -2*z + s*g + 138, 0 = -z - 3*g + 14. What is the highest common factor of z and 52?
26
Let w = -3 + 5. Let m be (-1)/(w*2/(-16)). Suppose 2*j = -2*l + 30, j = m*j + 3. Calculate the highest common divisor of l and 80.
16
Let u(o) = o**3 + 6*o**2 - 1. Let b be 2 + 1 + -2 - -4. Let z = b - 10. Let h be u(z). What is the highest common divisor of 16 and h?
8
Let r = 7 + 27. Suppose 2*u + 69 = y + 2*y, 0 = -y - 3*u + r. What is the greatest common divisor of 75 and y?
25
Suppose -3 = 3*t, 4*o + 3*t = -0*o + 5. Suppose -3*d + 3*v + 20 = -2*d, o*v + 48 = 5*d. Calculate the highest common divisor of 88 and d.
8
Let s(k) = -k**3 - 2*k**2 - 2*k - 1. Let u be s(-4). Let z = u + -27. Calculate the highest common factor of z and 84.
12
Let n = 283 - 90. Suppose -n = -5*z - 33. Calculate the greatest common factor of 4 and z.
4
Suppose -4*i - 17 + 41 = 0. Let t(v) = 2*v + 6. Let s be t(i). What is the highest common divisor of s and 27?
9
Suppose 0*f = -5*f - 5*d + 770, 3*f = -2*d + 461. Calculate the greatest common divisor of 17 and f.
17
Let f(u) = 7*u**2 - 3*u + 2. Let h be f(2). Suppose 0*q = -3*q + h. Suppose 18 + 62 = 5*p. Calculate the highest common factor of p and q.
8
Let x(s) = -6*s - 1. Suppose -3 = -w - 2*w - 5*p, 4*p - 12 = 0. Let c be x(w). Calculate the highest common factor of c and 115.
23
Suppose 42*k = 36*k + 18. Calculate the highest common divisor of 1 and k.
1
Suppose -4*y - 4*o = -28, 0 = -2*y - o - 2 + 12. Suppose -l - y*l = 0. Suppose 2*k - k - 12 = l. Calculate the greatest common divisor of k and 24.
12
Suppose -12 = -2*s + 12. Suppose 0*y + 24 = 3*y. Calculate the greatest common divisor of s and y.
4
Let q(m) = 13*m - 31. Let x be q(12). What is the greatest common divisor of 25 and x?
25
Let c(x) = -3*x - 30. Suppose 0 = -5*d - 10, -d - 4*d = -3*o - 29. Let g be c(o). What is the greatest common factor of 90 and g?
9
Let d be (2 - 2)/(2*1). Let v(t) = t**2. Let c be v(d). Suppose g - 22 = -c*g. Calculate the highest common factor of g and 2.
2
Suppose 2*c + 8 = u - 2*c, -3*u + c = -24. Suppose 2 + u = n. Let t be 122/n + 2/(-10). Calculate the highest common factor of 60 and t.
12
Suppose 5*t = t - 5*m + 127, -3*m + 37 = t. What is the highest common factor of t and 4?
4
Let p be 745/40 + (-12)/(-32). What is the highest common factor of p and 57?
19
Let k = 9 + 1. Let t = -11 - -3. Let q be 9*8 - t/(-4). Calculate the highest common factor of k and q.
10
Let s(x) = x**2 - 3*x - 13. Let h be s(6). Calculate the greatest common divisor of 10 and h.
5
Suppose 30 = 2*c + 10. Let v = -6 + c. Let n = 15 + -3. Calculate the highest common divisor of n and v.
4
Let v(n) = -n - 3. Suppose 6*b = 4*b - 6. Let d be v(b). Suppose -m - 2 = 0, a - 3*a + 2*m + 20 = d. Calculate the greatest common divisor of a and 88.
8
Suppose -6*y + 3*y + 36 = 0. What is the greatest common factor of y and 60?
12
Let x = 1 - -26. Suppose d - 2*c = 21, 33 = 3*d - 2*c - 42. Suppose 0 = 8*j - 11*j + d. What is the highest common divisor of j and x?
9
Suppose -h - 3 + 9 = 0. What is the greatest common divisor of h and 9?
3
Suppose 4*o - 2*x + 3*x = 64, 3*x = 2*o - 18. Let r = o - 7. What is the highest common divisor of r and 4?
4
Let m(h) = -241*h - 5. Let b be m(-5). Let z be b/(-8)*4/(-10). Suppose 5*a + 0*a - z = 0. What is the greatest common divisor of a and 30?
6
Suppose 17 = 3*f - b + 3, f - 5*b - 14 = 0. Suppose -2*k = 3*r - 34, 0*k - 2*k = -f. What is the greatest common divisor of 4 and r?
2
Let f(k) = k**2 - 10*k + 2. Let i be f(9). Let u = 33 + i. Calculate the greatest common divisor of 260 and u.
26
Let t be 9/21 + 1839/21. Calculate the highest common factor of 11 and t.
11
Let t(k) be the first derivative of 3 + 2/3*k**3 - 8*k + 9/2*k**2. Let r be t(-8). What is the highest common divisor of 12 and r?
12
Suppose -9*v + 119 = 8*v. Calculate the highest common factor of v and 98.
7
Suppose 0 = -5*t - 2 + 57. Calculate the highest common factor of 143 and t.
11
Let f(t) = -6*t - 6. Let w be f(-5). Let m = 7 - 1. Let z be 8/(-3)*(0 - m). Calculate the greatest common divisor of z and w.
8
Let z be 120/16*(-20)/(-15). Let k(p) = 26*p + 2. Let y be k(3). What is the highest common factor of y and z?
10
Let h(w) = -w - 18. Let a be h(-8). Let i = 1 - a. Calculate the greatest common divisor of 88 and i.
11
Let m = 174 - -86. Suppose 3*w + 3 - 12 = 0. Suppose 0 = w*i - 25 - 53. Calculate the greatest common divisor of m and i.
26
Let x(h) = 18*h**3 + 4*h**2 - h + 2. Let a be x(2). What is the greatest common factor of a and 32?
32
Let p be 3 + (-3)/(9/(-159)). What is the greatest common factor of 8 and p?
8
Let g(n) = -n**2 + 7*n - 6. Let j be g(5). Calculate the highest common factor of 36 and j.
4
Suppose 0 = 4*a - c + 178 - 40, 0 = -5*a + 3*c - 169. Let n be (-553)/a - 2/(-10). Calculate the highest common divisor of n and 112.
16
Suppose -m = u + 3*u - 25, 107 = 3*m - 4*u. Let x = m + -18. Suppose -f = 3*i - 40, 0 = -5*i - 5*f + 75 - x. Calculate the highest common factor of i and 14.
14
Let x = 55 + -42. Calculate the highest common divisor of 65 and x.
13
Let a = 21 + -21. Let g be -60*(a + 2/(-4)). Calculate the highest common factor of g and 30.
30
Let r(j) = j + 9. Let l be r(-5). Calculate the greatest common factor of 16 and l.
4
Let o(p) = 2*p**3 - p**2 + 4*p - 1. Let s be o(3). What is the highest common divisor of 84 and s?
28
Let o be (-26)/6*9/(-3). Let p = 24 - o. What is the highest common divisor of 11 and p?
11
Let h = 21 + -11. Suppose -4*f + 4*c = -18 - h, 0 = 3*f - c - 27. What is the highest common factor of 80 and f?
10
Let l be ((-2)/4)/((-4)/40). What is the highest common divisor of 20 and l?
5
Let c = -156 + 158. What is the greatest common factor of c and 18?
2
Let o = -144 + 146. What is the greatest common factor of o and 2?
2
Suppose 2*p = -4, 12 = -0*x + x + 3*p. What is the greatest common factor of x and 36?
18
Suppose 5*s - 33 = -3*x + s, 2*x - 22 = 4*s. Calculate the greatest common divisor of 1 and x.
1
Let p = 11 - 3. Let t(j) = 4*j + 2. Let o(s) = -s - 1. Let m(l) = 6*o(l) - 2*t(l). Let u be m(-7). Calculate the greatest common factor of p and u.
8
Let s be (2 - (-12)/(-10))*25. What is the greatest common divisor of s and 5?
5
Suppose -s + 16 = -0*a + 2*a, 0 = a - 3*s + 6. Calculate the greatest common factor of 192 and a.
6
Let o(t) = 3*t**2 - 11*t**2 + 10 + 0*t + 0*t - 5*t - t**3. Let z be o(-9). Calculate the greatest common divisor of 17 and z.
17
Let h be 1/(-2)*(-12)/2. Suppose -h*o + 52 = o. Calculate the highest common divisor of 52 and o.
13
Suppose 0*z - 2 = -z. Calculate the greatest common factor of 6 and z.
2
Let s(p) = 4*p**2 - p**2 - 2*p - 2*p**2 - 4*p. Let f be s(-6). Calculate the highest common factor of 48 and f.
24
Let y = 19 - 14. Suppose 3*r - y*c - 42 = 131, 4*r - 249 = 3*c. Calculate the greatest common factor of r and 22.
22
Let r = -42 - -15. Let a be 24/(-4)*r/6. Let h be (-18)/(-4)*(-4)/(-2). Calculate the highest common factor of a and h.
9
Let s(i) = 2*i**3 - 3*i**2 - 2*i + 4. Let x be s(3). Let r = -14 + x. Calculate the highest common divisor of 11 and r.
11
Let f = 24 - -26. What is the greatest common divisor of f and 20?
10
Let j be 1/4 - (-23)/4. Let m = j + -3. Suppose f - 6 = -4. What is the highest common factor of m and f?
1
Let g(i) = 2*i**2 + i - 9. Let d be g(-3). Calculate the highest common factor of d and 66.
6
Let x(n) = n**